{"id":10611,"date":"2024-07-30T09:34:09","date_gmt":"2024-07-30T07:34:09","guid":{"rendered":"https:\/\/adrprojects.com\/publicaciones-1\/casa-viva-decoration-de-style-mediterraneen\/"},"modified":"2025-05-30T14:06:11","modified_gmt":"2025-05-30T12:06:11","slug":"casa-viva-decoration-de-style-mediterraneen","status":"publish","type":"publicaciones-1","link":"https:\/\/adrprojects.com\/fr\/publicaciones-1\/casa-viva-decoration-de-style-mediterraneen\/","title":{"rendered":"Casa Viva. D\u00e9coration de style m\u00e9diterran\u00e9en."},"content":{"rendered":"\n<p>La arquitectura de Villa Melux est\u00e1 intr\u00ednsecamente ligada a su entorno natural, creando un santuario de tranquilidad y serenidad que invita a la reflexi\u00f3n y el descanso. Cada detalle, refleja un compromiso con la belleza y la armon\u00eda.<\/p>\n","protected":false},"excerpt":{"rendered":"<p>La Villa Macta est situ\u00e9e sur un terrain rectangulaire avec une l\u00e9g\u00e8re inclinaison sur la Costa Brava \u00e0 G\u00e9rone. Ce projet, d\u2019un style m\u00e9diterran\u00e9en affirm\u00e9, est con\u00e7u pour \u00eatre habit\u00e9 toute l\u2019ann\u00e9e, mais avec un accent particulier sur la vie estivale.<\/p>\n","protected":false},"author":1,"featured_media":10613,"menu_order":0,"template":"","format":"standard","meta":{"_acf_changed":false,"footnotes":""},"categories":[],"tags":[],"class_list":["post-10611","publicaciones-1","type-publicaciones-1","status-publish","format-standard","has-post-thumbnail","hentry"],"acf":{"pdf_file":10619},"yoast_head":"<!-- This site is optimized with the Yoast SEO plugin v27.4 - https:\/\/yoast.com\/product\/yoast-seo-wordpress\/ -->\n<title>Casa Viva. D\u00e9coration de style m\u00e9diterran\u00e9en. - ADR Projects<\/title>\n<meta name=\"robots\" content=\"index, follow, max-snippet:-1, max-image-preview:large, max-video-preview:-1\" \/>\n<link rel=\"canonical\" href=\"https:\/\/adrprojects.com\/fr\/publicaciones-1\/casa-viva-decoration-de-style-mediterraneen\/\" \/>\n<meta property=\"og:locale\" content=\"fr_FR\" \/>\n<meta property=\"og:type\" content=\"article\" \/>\n<meta property=\"og:title\" content=\"Casa Viva. D\u00e9coration de style m\u00e9diterran\u00e9en. - ADR Projects\" \/>\n<meta property=\"og:description\" content=\"La Villa Macta est situ\u00e9e sur un terrain rectangulaire avec une l\u00e9g\u00e8re inclinaison sur la Costa Brava \u00e0 G\u00e9rone. Ce projet, d\u2019un style m\u00e9diterran\u00e9en affirm\u00e9, est con\u00e7u pour \u00eatre habit\u00e9 toute l\u2019ann\u00e9e, mais avec un accent particulier sur la vie estivale.\" \/>\n<meta property=\"og:url\" content=\"https:\/\/adrprojects.com\/fr\/publicaciones-1\/casa-viva-decoration-de-style-mediterraneen\/\" \/>\n<meta property=\"og:site_name\" content=\"ADR Projects\" \/>\n<meta property=\"article:modified_time\" content=\"2025-05-30T12:06:11+00:00\" \/>\n<meta property=\"og:image\" content=\"https:\/\/adrprojects.com\/wp-content\/uploads\/2024\/07\/Casa-Viva.-Estilo-mediterraneo.webp\" \/>\n\t<meta property=\"og:image:width\" content=\"978\" \/>\n\t<meta property=\"og:image:height\" content=\"1298\" \/>\n\t<meta property=\"og:image:type\" content=\"image\/webp\" \/>\n<meta name=\"twitter:card\" content=\"summary_large_image\" \/>\n<meta name=\"twitter:label1\" content=\"Dur\u00e9e de lecture estim\u00e9e\" \/>\n\t<meta name=\"twitter:data1\" content=\"1 minute\" \/>\n<script type=\"application\/ld+json\" class=\"yoast-schema-graph\">{\"@context\":\"https:\\\/\\\/schema.org\",\"@graph\":[{\"@type\":\"WebPage\",\"@id\":\"https:\\\/\\\/adrprojects.com\\\/fr\\\/publicaciones-1\\\/casa-viva-decoration-de-style-mediterraneen\\\/\",\"url\":\"https:\\\/\\\/adrprojects.com\\\/fr\\\/publicaciones-1\\\/casa-viva-decoration-de-style-mediterraneen\\\/\",\"name\":\"Casa Viva. D\u00e9coration de style m\u00e9diterran\u00e9en. - ADR Projects\",\"isPartOf\":{\"@id\":\"https:\\\/\\\/adrprojects.com\\\/fr\\\/#website\"},\"primaryImageOfPage\":{\"@id\":\"https:\\\/\\\/adrprojects.com\\\/fr\\\/publicaciones-1\\\/casa-viva-decoration-de-style-mediterraneen\\\/#primaryimage\"},\"image\":{\"@id\":\"https:\\\/\\\/adrprojects.com\\\/fr\\\/publicaciones-1\\\/casa-viva-decoration-de-style-mediterraneen\\\/#primaryimage\"},\"thumbnailUrl\":\"https:\\\/\\\/adrprojects.com\\\/wp-content\\\/uploads\\\/2024\\\/07\\\/Casa-Viva.-Estilo-mediterraneo.webp\",\"datePublished\":\"2024-07-30T07:34:09+00:00\",\"dateModified\":\"2025-05-30T12:06:11+00:00\",\"breadcrumb\":{\"@id\":\"https:\\\/\\\/adrprojects.com\\\/fr\\\/publicaciones-1\\\/casa-viva-decoration-de-style-mediterraneen\\\/#breadcrumb\"},\"inLanguage\":\"fr-FR\",\"potentialAction\":[{\"@type\":\"ReadAction\",\"target\":[\"https:\\\/\\\/adrprojects.com\\\/fr\\\/publicaciones-1\\\/casa-viva-decoration-de-style-mediterraneen\\\/\"]}]},{\"@type\":\"ImageObject\",\"inLanguage\":\"fr-FR\",\"@id\":\"https:\\\/\\\/adrprojects.com\\\/fr\\\/publicaciones-1\\\/casa-viva-decoration-de-style-mediterraneen\\\/#primaryimage\",\"url\":\"https:\\\/\\\/adrprojects.com\\\/wp-content\\\/uploads\\\/2024\\\/07\\\/Casa-Viva.-Estilo-mediterraneo.webp\",\"contentUrl\":\"https:\\\/\\\/adrprojects.com\\\/wp-content\\\/uploads\\\/2024\\\/07\\\/Casa-Viva.-Estilo-mediterraneo.webp\",\"width\":978,\"height\":1298},{\"@type\":\"BreadcrumbList\",\"@id\":\"https:\\\/\\\/adrprojects.com\\\/fr\\\/publicaciones-1\\\/casa-viva-decoration-de-style-mediterraneen\\\/#breadcrumb\",\"itemListElement\":[{\"@type\":\"ListItem\",\"position\":1,\"name\":\"Inicio\",\"item\":\"https:\\\/\\\/adrprojects.com\\\/fr\\\/\"},{\"@type\":\"ListItem\",\"position\":2,\"name\":\"Publicaciones\",\"item\":\"https:\\\/\\\/adrprojects.com\\\/fr\\\/publicaciones-1\\\/\"},{\"@type\":\"ListItem\",\"position\":3,\"name\":\"Casa Viva. D\u00e9coration de style m\u00e9diterran\u00e9en.\"}]},{\"@type\":\"WebSite\",\"@id\":\"https:\\\/\\\/adrprojects.com\\\/fr\\\/#website\",\"url\":\"https:\\\/\\\/adrprojects.com\\\/fr\\\/\",\"name\":\"ADR Projects\",\"description\":\"Creamos espacios para una vida con pasi\u00f3n, libertad y comodidad.\",\"publisher\":{\"@id\":\"https:\\\/\\\/adrprojects.com\\\/fr\\\/#organization\"},\"alternateName\":\"Organic Cotton Colours\",\"potentialAction\":[{\"@type\":\"SearchAction\",\"target\":{\"@type\":\"EntryPoint\",\"urlTemplate\":\"https:\\\/\\\/adrprojects.com\\\/fr\\\/?s={search_term_string}\"},\"query-input\":{\"@type\":\"PropertyValueSpecification\",\"valueRequired\":true,\"valueName\":\"search_term_string\"}}],\"inLanguage\":\"fr-FR\"},{\"@type\":\"Organization\",\"@id\":\"https:\\\/\\\/adrprojects.com\\\/fr\\\/#organization\",\"name\":\"ADR Projects\",\"url\":\"https:\\\/\\\/adrprojects.com\\\/fr\\\/\",\"logo\":{\"@type\":\"ImageObject\",\"inLanguage\":\"fr-FR\",\"@id\":\"https:\\\/\\\/adrprojects.com\\\/fr\\\/#\\\/schema\\\/logo\\\/image\\\/\",\"url\":\"https:\\\/\\\/adrprojects.com\\\/wp-content\\\/uploads\\\/2023\\\/12\\\/favicon-negre.svg\",\"contentUrl\":\"https:\\\/\\\/adrprojects.com\\\/wp-content\\\/uploads\\\/2023\\\/12\\\/favicon-negre.svg\",\"width\":124,\"height\":124,\"caption\":\"ADR Projects\"},\"image\":{\"@id\":\"https:\\\/\\\/adrprojects.com\\\/fr\\\/#\\\/schema\\\/logo\\\/image\\\/\"},\"sameAs\":[\"https:\\\/\\\/www.instagram.com\\\/adrprojects\\\/\",\"https:\\\/\\\/www.linkedin.com\\\/in\\\/adr-projects-b8a4951a6\\\/\"]}]}<\/script>\n<!-- \/ Yoast SEO plugin. -->","yoast_head_json":{"title":"Casa Viva. D\u00e9coration de style m\u00e9diterran\u00e9en. - ADR Projects","robots":{"index":"index","follow":"follow","max-snippet":"max-snippet:-1","max-image-preview":"max-image-preview:large","max-video-preview":"max-video-preview:-1"},"canonical":"https:\/\/adrprojects.com\/fr\/publicaciones-1\/casa-viva-decoration-de-style-mediterraneen\/","og_locale":"fr_FR","og_type":"article","og_title":"Casa Viva. D\u00e9coration de style m\u00e9diterran\u00e9en. - ADR Projects","og_description":"La Villa Macta est situ\u00e9e sur un terrain rectangulaire avec une l\u00e9g\u00e8re inclinaison sur la Costa Brava \u00e0 G\u00e9rone. Ce projet, d\u2019un style m\u00e9diterran\u00e9en affirm\u00e9, est con\u00e7u pour \u00eatre habit\u00e9 toute l\u2019ann\u00e9e, mais avec un accent particulier sur la vie estivale.","og_url":"https:\/\/adrprojects.com\/fr\/publicaciones-1\/casa-viva-decoration-de-style-mediterraneen\/","og_site_name":"ADR Projects","article_modified_time":"2025-05-30T12:06:11+00:00","og_image":[{"width":978,"height":1298,"url":"https:\/\/adrprojects.com\/wp-content\/uploads\/2024\/07\/Casa-Viva.-Estilo-mediterraneo.webp","type":"image\/webp"}],"twitter_card":"summary_large_image","twitter_misc":{"Dur\u00e9e de lecture estim\u00e9e":"1 minute"},"schema":{"@context":"https:\/\/schema.org","@graph":[{"@type":"WebPage","@id":"https:\/\/adrprojects.com\/fr\/publicaciones-1\/casa-viva-decoration-de-style-mediterraneen\/","url":"https:\/\/adrprojects.com\/fr\/publicaciones-1\/casa-viva-decoration-de-style-mediterraneen\/","name":"Casa Viva. D\u00e9coration de style m\u00e9diterran\u00e9en. - ADR Projects","isPartOf":{"@id":"https:\/\/adrprojects.com\/fr\/#website"},"primaryImageOfPage":{"@id":"https:\/\/adrprojects.com\/fr\/publicaciones-1\/casa-viva-decoration-de-style-mediterraneen\/#primaryimage"},"image":{"@id":"https:\/\/adrprojects.com\/fr\/publicaciones-1\/casa-viva-decoration-de-style-mediterraneen\/#primaryimage"},"thumbnailUrl":"https:\/\/adrprojects.com\/wp-content\/uploads\/2024\/07\/Casa-Viva.-Estilo-mediterraneo.webp","datePublished":"2024-07-30T07:34:09+00:00","dateModified":"2025-05-30T12:06:11+00:00","breadcrumb":{"@id":"https:\/\/adrprojects.com\/fr\/publicaciones-1\/casa-viva-decoration-de-style-mediterraneen\/#breadcrumb"},"inLanguage":"fr-FR","potentialAction":[{"@type":"ReadAction","target":["https:\/\/adrprojects.com\/fr\/publicaciones-1\/casa-viva-decoration-de-style-mediterraneen\/"]}]},{"@type":"ImageObject","inLanguage":"fr-FR","@id":"https:\/\/adrprojects.com\/fr\/publicaciones-1\/casa-viva-decoration-de-style-mediterraneen\/#primaryimage","url":"https:\/\/adrprojects.com\/wp-content\/uploads\/2024\/07\/Casa-Viva.-Estilo-mediterraneo.webp","contentUrl":"https:\/\/adrprojects.com\/wp-content\/uploads\/2024\/07\/Casa-Viva.-Estilo-mediterraneo.webp","width":978,"height":1298},{"@type":"BreadcrumbList","@id":"https:\/\/adrprojects.com\/fr\/publicaciones-1\/casa-viva-decoration-de-style-mediterraneen\/#breadcrumb","itemListElement":[{"@type":"ListItem","position":1,"name":"Inicio","item":"https:\/\/adrprojects.com\/fr\/"},{"@type":"ListItem","position":2,"name":"Publicaciones","item":"https:\/\/adrprojects.com\/fr\/publicaciones-1\/"},{"@type":"ListItem","position":3,"name":"Casa Viva. D\u00e9coration de style m\u00e9diterran\u00e9en."}]},{"@type":"WebSite","@id":"https:\/\/adrprojects.com\/fr\/#website","url":"https:\/\/adrprojects.com\/fr\/","name":"ADR Projects","description":"Creamos espacios para una vida con pasi\u00f3n, libertad y comodidad.","publisher":{"@id":"https:\/\/adrprojects.com\/fr\/#organization"},"alternateName":"Organic Cotton Colours","potentialAction":[{"@type":"SearchAction","target":{"@type":"EntryPoint","urlTemplate":"https:\/\/adrprojects.com\/fr\/?s={search_term_string}"},"query-input":{"@type":"PropertyValueSpecification","valueRequired":true,"valueName":"search_term_string"}}],"inLanguage":"fr-FR"},{"@type":"Organization","@id":"https:\/\/adrprojects.com\/fr\/#organization","name":"ADR Projects","url":"https:\/\/adrprojects.com\/fr\/","logo":{"@type":"ImageObject","inLanguage":"fr-FR","@id":"https:\/\/adrprojects.com\/fr\/#\/schema\/logo\/image\/","url":"https:\/\/adrprojects.com\/wp-content\/uploads\/2023\/12\/favicon-negre.svg","contentUrl":"https:\/\/adrprojects.com\/wp-content\/uploads\/2023\/12\/favicon-negre.svg","width":124,"height":124,"caption":"ADR Projects"},"image":{"@id":"https:\/\/adrprojects.com\/fr\/#\/schema\/logo\/image\/"},"sameAs":["https:\/\/www.instagram.com\/adrprojects\/","https:\/\/www.linkedin.com\/in\/adr-projects-b8a4951a6\/"]}]}},"_links":{"self":[{"href":"https:\/\/adrprojects.com\/fr\/wp-json\/wp\/v2\/publicaciones-1\/10611","targetHints":{"allow":["GET"]}}],"collection":[{"href":"https:\/\/adrprojects.com\/fr\/wp-json\/wp\/v2\/publicaciones-1"}],"about":[{"href":"https:\/\/adrprojects.com\/fr\/wp-json\/wp\/v2\/types\/publicaciones-1"}],"author":[{"embeddable":true,"href":"https:\/\/adrprojects.com\/fr\/wp-json\/wp\/v2\/users\/1"}],"version-history":[{"count":5,"href":"https:\/\/adrprojects.com\/fr\/wp-json\/wp\/v2\/publicaciones-1\/10611\/revisions"}],"predecessor-version":[{"id":10632,"href":"https:\/\/adrprojects.com\/fr\/wp-json\/wp\/v2\/publicaciones-1\/10611\/revisions\/10632"}],"wp:featuredmedia":[{"embeddable":true,"href":"https:\/\/adrprojects.com\/fr\/wp-json\/wp\/v2\/media\/10613"}],"wp:attachment":[{"href":"https:\/\/adrprojects.com\/fr\/wp-json\/wp\/v2\/media?parent=10611"}],"wp:term":[{"taxonomy":"category","embeddable":true,"href":"https:\/\/adrprojects.com\/fr\/wp-json\/wp\/v2\/categories?post=10611"},{"taxonomy":"post_tag","embeddable":true,"href":"https:\/\/adrprojects.com\/fr\/wp-json\/wp\/v2\/tags?post=10611"}],"curies":[{"name":"wp","href":"https:\/\/api.w.org\/{rel}","templated":true}]}}

Casa Viva. Décoration de style méditerranéen.

<p>La arquitectura de Villa Melux está intrínsecamente ligada a su entorno natural, creando un santuario de tranquilidad y serenidad que invita a la reflexión y el descanso. Cada detalle, refleja un compromiso con la belleza y la armonía.</p>

<p>La Villa Macta est située sur un terrain rectangulaire avec une légère inclinaison sur la Costa Brava à Gérone. Ce projet, d’un style méditerranéen affirmé, est conçu pour être habité toute l’année, mais avec un accent particulier sur la vie estivale.</p>

<!-- This site is optimized with the Yoast SEO plugin v27.4 - https://yoast.com/product/yoast-seo-wordpress/ -->
<title>Casa Viva. Décoration de style méditerranéen. - ADR Projects</title>
<meta name="robots" content="index, follow, max-snippet:-1, max-image-preview:large, max-video-preview:-1" />
<link rel="canonical" href="https://adrprojects.com/fr/publicaciones-1/casa-viva-decoration-de-style-mediterraneen/" />
<meta property="og:locale" content="fr_FR" />
<meta property="og:type" content="article" />
<meta property="og:title" content="Casa Viva. Décoration de style méditerranéen. - ADR Projects" />
<meta property="og:description" content="La Villa Macta est située sur un terrain rectangulaire avec une légère inclinaison sur la Costa Brava à Gérone. Ce projet, d’un style méditerranéen affirmé, est conçu pour être habité toute l’année, mais avec un accent particulier sur la vie estivale." />
<meta property="og:url" content="https://adrprojects.com/fr/publicaciones-1/casa-viva-decoration-de-style-mediterraneen/" />
<meta property="og:site_name" content="ADR Projects" />
<meta property="article:modified_time" content="2025-05-30T12:06:11+00:00" />
<meta property="og:image" content="https://adrprojects.com/wp-content/uploads/2024/07/Casa-Viva.-Estilo-mediterraneo.webp" />
	<meta property="og:image:width" content="978" />
	<meta property="og:image:height" content="1298" />
	<meta property="og:image:type" content="image/webp" />
<meta name="twitter:card" content="summary_large_image" />
<meta name="twitter:label1" content="Durée de lecture estimée" />
	<meta name="twitter:data1" content="1 minute" />
<script type="application/ld+json" class="yoast-schema-graph">{"@context":"https:\/\/schema.org","@graph":[{"@type":"WebPage","@id":"https:\/\/adrprojects.com\/fr\/publicaciones-1\/casa-viva-decoration-de-style-mediterraneen\/","url":"https:\/\/adrprojects.com\/fr\/publicaciones-1\/casa-viva-decoration-de-style-mediterraneen\/","name":"Casa Viva. Décoration de style méditerranéen. - ADR Projects","isPartOf":{"@id":"https:\/\/adrprojects.com\/fr\/#website"},"primaryImageOfPage":{"@id":"https:\/\/adrprojects.com\/fr\/publicaciones-1\/casa-viva-decoration-de-style-mediterraneen\/#primaryimage"},"image":{"@id":"https:\/\/adrprojects.com\/fr\/publicaciones-1\/casa-viva-decoration-de-style-mediterraneen\/#primaryimage"},"thumbnailUrl":"https:\/\/adrprojects.com\/wp-content\/uploads\/2024\/07\/Casa-Viva.-Estilo-mediterraneo.webp","datePublished":"2024-07-30T07:34:09+00:00","dateModified":"2025-05-30T12:06:11+00:00","breadcrumb":{"@id":"https:\/\/adrprojects.com\/fr\/publicaciones-1\/casa-viva-decoration-de-style-mediterraneen\/#breadcrumb"},"inLanguage":"fr-FR","potentialAction":[{"@type":"ReadAction","target":["https:\/\/adrprojects.com\/fr\/publicaciones-1\/casa-viva-decoration-de-style-mediterraneen\/"]}]},{"@type":"ImageObject","inLanguage":"fr-FR","@id":"https:\/\/adrprojects.com\/fr\/publicaciones-1\/casa-viva-decoration-de-style-mediterraneen\/#primaryimage","url":"https:\/\/adrprojects.com\/wp-content\/uploads\/2024\/07\/Casa-Viva.-Estilo-mediterraneo.webp","contentUrl":"https:\/\/adrprojects.com\/wp-content\/uploads\/2024\/07\/Casa-Viva.-Estilo-mediterraneo.webp","width":978,"height":1298},{"@type":"BreadcrumbList","@id":"https:\/\/adrprojects.com\/fr\/publicaciones-1\/casa-viva-decoration-de-style-mediterraneen\/#breadcrumb","itemListElement":[{"@type":"ListItem","position":1,"name":"Inicio","item":"https:\/\/adrprojects.com\/fr\/"},{"@type":"ListItem","position":2,"name":"Publicaciones","item":"https:\/\/adrprojects.com\/fr\/publicaciones-1\/"},{"@type":"ListItem","position":3,"name":"Casa Viva. Décoration de style méditerranéen."}]},{"@type":"WebSite","@id":"https:\/\/adrprojects.com\/fr\/#website","url":"https:\/\/adrprojects.com\/fr\/","name":"ADR Projects","description":"Creamos espacios para una vida con pasión, libertad y comodidad.","publisher":{"@id":"https:\/\/adrprojects.com\/fr\/#organization"},"alternateName":"Organic Cotton Colours","potentialAction":[{"@type":"SearchAction","target":{"@type":"EntryPoint","urlTemplate":"https:\/\/adrprojects.com\/fr\/?s={search_term_string}"},"query-input":{"@type":"PropertyValueSpecification","valueRequired":true,"valueName":"search_term_string"}}],"inLanguage":"fr-FR"},{"@type":"Organization","@id":"https:\/\/adrprojects.com\/fr\/#organization","name":"ADR Projects","url":"https:\/\/adrprojects.com\/fr\/","logo":{"@type":"ImageObject","inLanguage":"fr-FR","@id":"https:\/\/adrprojects.com\/fr\/#\/schema\/logo\/image\/","url":"https:\/\/adrprojects.com\/wp-content\/uploads\/2023\/12\/favicon-negre.svg","contentUrl":"https:\/\/adrprojects.com\/wp-content\/uploads\/2023\/12\/favicon-negre.svg","width":124,"height":124,"caption":"ADR Projects"},"image":{"@id":"https:\/\/adrprojects.com\/fr\/#\/schema\/logo\/image\/"},"sameAs":["https:\/\/www.instagram.com\/adrprojects\/","https:\/\/www.linkedin.com\/in\/adr-projects-b8a4951a6\/"]}]}</script>
<!-- / Yoast SEO plugin. -->

Casa Viva. Décoration de style méditerranéen. - ADR Projects

La Villa Macta est située sur un terrain rectangulaire avec une légère inclinaison sur la Costa Brava à Gérone. Ce projet, d’un style méditerranéen affirmé, est conçu pour être habité toute l’année, mais avec un accent particulier sur la vie estivale.

Creamos espacios para una vida con pasión, libertad y comodidad.
